*3 + b**2 + b + 1. Let k be z(-1). Calculate the greatest common divisor of k and x.
3
Suppose b - 4*f + 17 = 0, 3*b = 7*b - 2*f - 2. Let d = b - -3. Calculate the highest common divisor of 24 and d.
6
Let h be -6*(3/6)/(-1). Let q be h - (-2 + 1 + 1). Let y be q - (-3 + 12*-1). What is the highest common factor of 126 and y?
18
Suppose 5*p - 4 = 6. Let o be (-174)/(-21) - p/7. Calculate the greatest common factor of 40 and o.
8
Suppose -3*s + 2*s = 6. Let a(f) = -f**2 - 7*f - 1. Let r be a(s). Calculate the highest common factor of r and 50.
5
Suppose -r = 4 + 2. Let h be 60/(-9)*27/r. Let u be 158/8 - 3/(-12). What is the greatest common divisor of h and u?
10
Let w = 9 + -4. Let a(m) = 3*m**3 + m**2 + 3*m - 3. Let r be a(2). Let x = -11 + r. What is the greatest common factor of w and x?
5
Let x be 2 + 63 + 8/(-4). Let p be (0 - -1) + 1 - -7. Calculate the greatest common factor of x and p.
9
Let g be 16/6*195/10. Suppose 0 = -4*m + u - 4*u + g, m - 3*u = -2. What is the greatest common factor of 15 and m?
5
Let n = 118 + -70. Suppose -4*d + 0*d = -32. Calculate the greatest common divisor of n and d.
8
Let p be 0*(-2)/4 - -10. Let h(i) = i**2 + 13*i + 16. Let f be h(-12). Calculate the highest common divisor of p and f.
2
Suppose -f + 15 = 2*f, -n + 4*f - 16 = 0. Let u be (-3)/(-9)*-6 + 1*6. Calculate the greatest common divisor of u and n.
4
Let u(v) = 3*v**2 - 2*v. Suppose 3*l - 15 = 3*x + 2*x, 4*l = x - 14. Let b be u(x). Let q = -18 - -33. What is the highest common divisor of b and q?
15
Suppose -2*n + 51 - 11 = 0. Calculate the greatest common divisor of 30 and n.
10
Let a be (-12)/(-9)*-3 - (-265)/5. What is the greatest common divisor of 7 and a?
7
Suppose 10 = 2*n + 2. Let l(c) = -c + 12. Let u be l(8). Calculate the greatest common divisor of n and u.
4
Suppose 0*p + 4*p = -8. Let b be 3 + (-15)/(-5 - p). Suppose 0 = 2*k - 4*k + b. Calculate the greatest common factor of k and 2.
2
Suppose -r + 4 = -3*w - 26, 0 = -w - 3*r - 20. Let u = w - -18. Calculate the highest common factor of u and 49.
7
Let j = -12 + 12. Suppose 0 = -4*c - a + 44, 3*c - 50 = -j*c - 5*a. Calculate the highest common factor of 5 and c.
5
Let l(n) = -n**3 + 10*n**2 + 7. Let i be l(10). What is the greatest common factor of i and 1?
1
Suppose o + 6 = 4*o. Suppose -h = h + o. Let k be 3*h*15/(-3). Calculate the greatest common factor of 60 and k.
15
Suppose -4*c + 0 + 60 = 0. What is the greatest common divisor of 5 and c?
5
Suppose -3*i - 48 = -3*d, 2*d - 92 = -3*d + i. Let z(r) = -18*r**3 + r**2. Let t be z(-1). Calculate the greatest common factor of t and d.
19
Suppose 0 = 4*t - 5*t + 3. Suppose -t*s + 231 = -0*s. What is the highest common factor of 11 and s?
11
Suppose 80 = 18*k - 13*k. What is the greatest common divisor of 24 and k?
8
Let i = 9 + 4. Let a be ((-221)/(-17))/((-1)/(-5)). Calculate the greatest common divisor of i and a.
13
Suppose -40 = -0*c - 2*c + f, 4*c = -4*f + 92. Let l = -12 + 15. What is the highest common factor of l and c?
3
Let w(z) = -z**3 + 11*z**2 + 2*z + 13. Let t be w(11). What is the greatest common divisor of 280 and t?
35
Let w = 18 - 11. What is the greatest common factor of w and 7?
7
Let w(x) = x**3 - 2*x**2 - 3*x. Let l be w(3). Suppose -6*n = -2*n - 3*k - 33, 3*k - 15 = l. What is the highest common factor of 12 and n?
12
Let l be ((-280)/(-7))/(-2 + 3). What is the greatest common factor of l and 320?
40
Suppose 3*o - 18 = -2*r + 2*o, -o + 4 = 0. What is the highest common factor of r and 63?
7
Let q be (-37)/2*-2 - 28/7. Calculate the greatest common divisor of q and 3.
3
Suppose 95 = -4*j + 299. Suppose 4*f = x - 63, -x + 15 + 43 = -5*f. Suppose -4*o = 3*w - x, -4*o - w = 13 - 86. What is the highest common divisor of o and j?
17
Suppose 5*n - 153 - 17 = 0. What is the highest common factor of 85 and n?
17
Let q be -2*1 + (-42)/(-1). Let t = -25 - 52. Let c = q - t. Calculate the greatest common factor of c and 13.
13
Let i be (2 + 39/(-15))/((-3)/75). What is the greatest common divisor of i and 3?
3
Let a be 1/2 - (-62)/4. Suppose -2*n + 12 = 2. Suppose n*m - 6 - 34 = 0. What is the highest common divisor of m and a?
8
Let n be 5/((-40)/76)*-2*2. What is the greatest common factor of n and 57?
19
Let c = -6 + 10. Let d be 1*c - (-3 + 3). What is the highest common divisor of 6 and d?
2
Let j(c) = 3*c**2 + 3*c - 3. Let q be j(-3). What is the highest common factor of 3 and q?
3
Let z(d) = 13*d**2 - 3*d + 6. Let y be z(-5). Suppose 3*s - y = -5*l, 0 = -4*l - s - s + 276. What is the highest common divisor of l and 17?
17
Suppose 0 = -g - 51 + 51. Suppose -v + 987 = 4*f - 0*f, 759 = 3*f - 3*v. Suppose g = -3*l + f + 49. Calculate the greatest common divisor of 9 and l.
9
Let f(b) = 0*b**3 + 3*b**2 + 2 - b - b**3 - b**2. Let r be f(2). Let w(v) = v + 20. Let z be w(r). Calculate the highest common divisor of z and 4.
4
Let d(a) = -a - 6. Let j be d(-7). Calculate the greatest common factor of j and 7.
1
Let z be (4 - -53)*4/6. Calculate the greatest common factor of z and 95.
19
Suppose -g - 11 = 4*y, -17 = -5*g + 5*y - y. What is the highest common factor of g and 7?
1
Let c be ((-12)/1)/((-4)/6). Suppose -5*o + 3*u + 31 - 7 = 0, -4*u = -5*o + 22. What is the highest common factor of o and c?
6
Let c = -29 + 41. Calculate the highest common divisor of c and 96.
12
Let c = 2 + 2. Let r(i) = 2*i**2 - 5*i + 3. Let h be r(c). What is the highest common divisor of h and 75?
15
Suppose 10 + 10 = -2*n. Let m be (-1236)/(-60) + (-4)/n. What is the greatest common divisor of m and 84?
21
Suppose 4 = 5*l - 36. What is the highest common divisor of l and 6?
2
Suppose -d + 5*b = 4*d - 10, -3*d = b - 18. What is the greatest common divisor of d and 25?
5
Let i(k) be the third derivative of -k**4/24 + 3*k**3/2 - 2*k**2. Let j be i(-9). What is the highest common divisor of j and 144?
18
Suppose a + 3*a - 60 = 0. Calculate the highest common divisor of a and 120.
15
Let w be (1 - 13) + (-4 - -5). Let i be (-3)/(-9)*w*-12. Let m(o) = 4*o**2 + 3*o + 1. Let f be m(-2). Calculate the greatest common factor of i and f.
11
Let f(q) = 2*q**2 - 6*q**2 + 5*q**2 + 12. Let p be f(0). Calculate the highest common divisor of 60 and p.
12
Suppose -2*s + 2*k + k + 123 = 0, 187 = 3*s - 4*k. What is the highest common factor of s and 23?
23
Suppose 52*k - 39 = 49*k. Calculate the greatest common divisor of k and 1.
1
Let q be (-10)/(-4)*(-144)/(-20). Let a be ((-10)/2)/(1/(-9)). Calculate the greatest common divisor of q and a.
9
Let d(y) = y - 2 + 6 + 2. Let g be d(-5). What is the greatest common divisor of g and 3?
1
Let x(r) = -r**2 + 2*r + 2. Let n be x(4). Let p be (-2)/n + (-42)/(-9). Let i = 15 - p. What is the greatest common factor of 10 and i?
10
Let d(i) = i**3 + 8*i**2 + 2*i + 2. Let c be d(-8). Let q = c - -28. Calculate the highest common factor of q and 56.
14
Suppose 117 = 4*p + 5. Let x(z) = 11*z**3 + z**2 - 1. Let s be x(-1). Let n = p - s. What is the greatest common factor of n and 13?
13
Suppose -4*f = -0*z + 3*z - 6, 5*f + 4 = 2*z. Calculate the greatest common divisor of 1 and z.
1
Let a be 84/15 + 4/10. Let y be (6/4)/(a/16). Let z be (-3)/12 + 290/8. What is the highest common factor of y and z?
4
Suppose 3*t + t + 16 = 0. Let b be (26/t + 1)*-2. Let d be 4/(-22) + 530/b. What is the greatest common factor of d and 6?
6
Let r(z) = z - 1. Let o be r(1). Suppose -4*n = -v + 121, o + 1 = n. What is the highest common divisor of 25 and v?
25
Let b(g) = 16*g**3 - g**2 + 3*g + 2. Let a be b(-2). Let y be a/(-12) - (-2)/3. Calculate the greatest common factor of 48 and y.
12
Suppose 3*v - 15 = -3*g, -2*v + 2 = -3*g + 7. Suppose -3*j - 3*p + 60 = -0*j, -2*j + p = -28. Calculate the highest common divisor of j and v.
2
Let b = -73 - -74. What is the highest common divisor of 8 and b?
1
Let o be 1*-5*(-126)/15. Let d = -2 - -16. Calculate the greatest common factor of d and o.
14
Suppose -2*b = b - 6. Suppose -476 = -b*z - 2*z. Let u = 179 - z. What is the greatest common divisor of 12 and u?
12
Let i be 48/10 + (-2)/(-10). Suppose 3 + 77 = i*k. What is the greatest common factor of 16 and k?
16
Let x = 258 + -177. Suppose n - 3*m - x = -4*m, 3*m = -2*n + 159. Calculate the highest common factor of 12 and n.
12
Suppose -3*p